{"id":224,"date":"2024-02-16T08:00:17","date_gmt":"2024-02-16T08:00:17","guid":{"rendered":"https:\/\/sonikhub.com\/shop\/?post_type=product&#038;p=224"},"modified":"2024-02-16T08:03:40","modified_gmt":"2024-02-16T08:03:40","slug":"cancion-con-dedicatoria","status":"publish","type":"product","link":"https:\/\/sonikhub.com\/shop\/producto\/cancion-con-dedicatoria\/","title":{"rendered":"Canci\u00f3n con dedicatoria"},"content":{"rendered":"","protected":false},"excerpt":{"rendered":"<ul>\n<li>Dedicatoria de canciones propias del artista o bien obras dominio p\u00fablico a trav\u00e9s de un video (que contendr\u00e1 un saludo, motivo del video, un comentario de la canci\u00f3n solicitada, la interpretaci\u00f3n de la canci\u00f3n y una despedida).<\/li>\n<li>Interpretaci\u00f3n colaborativa (un video en colaboraci\u00f3n con un fan de una interpretaci\u00f3n del fan con el artista).<\/li>\n<\/ul>\n","protected":false},"featured_media":225,"comment_status":"open","ping_status":"closed","template":"","meta":[],"product_brand":[],"product_cat":[44],"product_tag":[],"class_list":{"0":"post-224","1":"product","2":"type-product","3":"status-publish","4":"has-post-thumbnail","6":"product_cat-servicios","8":"first","9":"instock","10":"shipping-taxable","11":"purchasable","12":"product-type-simple"},"_links":{"self":[{"href":"https:\/\/sonikhub.com\/shop\/wp-json\/wp\/v2\/product\/224","targetHints":{"allow":["GET"]}}],"collection":[{"href":"https:\/\/sonikhub.com\/shop\/wp-json\/wp\/v2\/product"}],"about":[{"href":"https:\/\/sonikhub.com\/shop\/wp-json\/wp\/v2\/types\/product"}],"replies":[{"embeddable":true,"href":"https:\/\/sonikhub.com\/shop\/wp-json\/wp\/v2\/comments?post=224"}],"wp:featuredmedia":[{"embeddable":true,"href":"https:\/\/sonikhub.com\/shop\/wp-json\/wp\/v2\/media\/225"}],"wp:attachment":[{"href":"https:\/\/sonikhub.com\/shop\/wp-json\/wp\/v2\/media?parent=224"}],"wp:term":[{"taxonomy":"product_brand","embeddable":true,"href":"https:\/\/sonikhub.com\/shop\/wp-json\/wp\/v2\/product_brand?post=224"},{"taxonomy":"product_cat","embeddable":true,"href":"https:\/\/sonikhub.com\/shop\/wp-json\/wp\/v2\/product_cat?post=224"},{"taxonomy":"product_tag","embeddable":true,"href":"https:\/\/sonikhub.com\/shop\/wp-json\/wp\/v2\/product_tag?post=224"}],"curies":[{"name":"wp","href":"https:\/\/api.w.org\/{rel}","templated":true}]}}